 + 7. Calculate the remainder when (48/(-48))/(2/(-116)) is divided by r.
13
Let g = 905 + -898. Calculate the remainder when 1888 is divided by g.
5
Let y be 6/(-8)*(42/(-3) - -2). Let o = 7 + y. Calculate the remainder when 59 is divided by o.
11
Suppose -2*q + 4 = o - 65, -4*o + 20 = 0. Let z = 2046 - 1937. What is the remainder when z is divided by q?
13
What is the remainder when 89 is divided by ((-144)/54)/((-1)/9)?
17
Suppose 4*s + 3*o + 37 - 1563 = 0, 2*s = 3*o + 754. Suppose s = 6*i - i. What is the remainder when i is divided by 26?
24
Let i(d) = -d - 1. Let w be i(-5). Suppose 5*r = 5*l + 75, 58 = 4*r - w*l + 2*l. Calculate the remainder when 26 is divided by r.
12
Let o(x) = -6*x - 28. Calculate the remainder when o(-15) is divided by 34.
28
Let b = 112 - 106. Calculate the remainder when 134 is divided by b.
2
Let a(m) = 62*m - 6. Suppose 8*v - 3233 = -1017. Calculate the remainder when v is divided by a(1).
53
Let j be 780/105 + (-8)/(-14). Let r(k) = -k**2 + 10*k - 11. Calculate the remainder when 24 is divided by r(j).
4
Let x = 318 + -308. Calculate the remainder when 78 is divided by x.
8
What is the remainder when 8 is divided by -10*(-4)/(-16)*-2?
3
Let d(f) = -f**3 + 41*f**2 - 150*f + 120. What is the remainder when d(37) is divided by 18 + 0 + -1 + 1?
10
Let i(f) = f**3 + 6*f**2 + 2*f + 2. Let b be i(-5). Calculate the remainder when 35 is divided by b + -6 - (1 - 3).
9
Suppose -d = -0*d - 113. Let v = 181 - d. Suppose 27 + v = 5*r. Calculate the remainder when 54 is divided by r.
16
Let m be 4 + 1 + -2 - 1. What is the remainder when -5 - -8 - (4/m + -105) is divided by 12?
10
Suppose 5*j + 5*l = -90 + 405, -4*l - 154 = -3*j. What is the remainder when 453 is divided by j?
47
Suppose -2*d = 3*d - p - 44, -3*p = -d + 6. Calculate the remainder when (66 - -11) + 1 + -8 is divided by d.
7
Calculate the remainder when 1318 is divided by 4 + 83 + 3 + (20 - 22).
86
What is the remainder when (1 - 911)/((-4)/4) is divided by 83?
80
Let y = -121 + 172. Suppose 36 = 2*k - g, 2*g - 13 + y = 2*k. Let s(n) = n**2 - 17*n + 22. What is the remainder when s(k) is divided by 6?
4
Let n(w) = 13 + 12*w**2 - 6*w - 25 + 5. Calculate the remainder when n(-2) is divided by 11.
9
Suppose 14*z = 13*z - 197. Let u = z + 330. Calculate the remainder when u is divided by 46.
41
Let j(s) = 3*s**2 + 4*s - 61. Calculate the remainder when j(-12) is divided by 65.
63
Calculate the remainder when (2/4)/(31/4960) is divided by 30.
20
Let k(x) = x**3 + 4*x**2 - 2*x + 6. Let p be k(-5). Let b = p + 20. Calculate the remainder when (6 + 0)*14/4 is divided by b.
10
Let h(c) = 2*c**2 + 8*c. Let z be h(-7). Suppose -8*v + v + z = 0. Calculate the remainder when v is divided by 4.
2
Let v(d) = -d**3 + 13*d**2 - d + 15. Let o be v(13). Suppose 0 = -o*a + 17 + 39. What is the remainder when 68 is divided by a?
12
Let o = -130 + 141. What is the remainder when 21 is divided by o?
10
Let k(c) = -c**2 - 9*c + 4. Let f be k(-9). Suppose f*x - 11*x + 119 = 0. What is the remainder when 49 is divided by x?
15
Let h(k) = -51*k + 27. Let s(d) = -77*d + 41. Let f(a) = -8*h(a) + 5*s(a). What is the remainder when f(2) is divided by 14?
7
Suppose -5*a + 110 = -0*a. Calculate the remainder when (10/(-15))/((-58)/7395) is divided by a.
19
Let z(u) = -6*u + 3. What is the remainder when z(-3) is divided by -6 + (6 - 2) - -5?
0
Let u = -31 + 3. Let m be u/(-7) + (-2)/(-1). Suppose -q = -3*q + m. Calculate the remainder when 11 is divided by q.
2
Suppose -505 + 5 = -25*d. Calculate the remainder when d is divided by 6.
2
Let a = 2290 + -1913. What is the remainder when a is divided by 46?
9
Suppose -274 = -2*c - j, 435 = 2*c - 5*j + 149. What is the remainder when 408 is divided by c?
132
Suppose -2*y + 5*y = 72. Let x be (-2)/(-7) + y/(-84). Suppose 2*t = -3*m + 3*t + 178, 2*m + 3*t - 126 = x. Calculate the remainder when m is divided by 21.
18
Let f = -14 + 39. Calculate the remainder when 99 is divided by f.
24
Suppose -2*f - 2*c + 0*c = -102, -c = 4*f - 210. What is the remainder when f is divided by 9?
8
Let n(v) = -v**2 + 2*v + 5. Let x be (2/(-4))/(6/(-36)). What is the remainder when n(x) is divided by 1?
0
Let r = -51 + 91. Suppose -r*f = -45*f + 75. What is the remainder when 44 is divided by f?
14
Let t(h) = 2*h**3 + 18*h**2 - 25*h + 15. What is the remainder when 258 is divided by t(-10)?
63
Suppose 151 + 3 = 7*a. Suppose -a*n + 19*n = -84. What is the remainder when n is divided by 17?
11
Let t = 22 - -7. Calculate the remainder when t is divided by (2/(-4))/(1/(-12)).
5
Suppose 4*d - 3*c = 5*d - 21, -4*d + 3*c = -159. Let r = -26 + d. Calculate the remainder when 39 is divided by r.
9
Let b be (-452)/(-6)*((-1 - 6) + -2). What is the remainder when b/(-14) + ((-108)/(-42) - 2) is divided by 10?
9
Suppose -39*s + 874 = -16*s. What is the remainder when s is divided by 31?
7
Let o(j) = j**2 + 3*j + 5. Suppose 0 = 3*p + 22 - 31. What is the remainder when o(-5) is divided by p?
0
Let k(i) = -i**2 - 6*i - 5. Let b be k(-4). Suppose 0 = -3*r - 5*o - 5 + b, 2*r - 2*o + 12 = 0. Calculate the remainder when 10 is divided by 3/(-2) + (-18)/r.
1
Suppose -3*v - 2*k = -66, -5*k - 87 = -2*v - v. Calculate the remainder when 92 - (1 + 0)/(3/(-6)) is divided by v.
22
Suppose 0 = -9*z + 4*z - 15, -4*v + 2*z + 6 = 0. What is the remainder when 40 is divided by -3 - (-8 - (v - -4))?
4
Suppose 15 - 12 = l. Suppose -l*b = 3*b - 54. Calculate the remainder when b is divided by 6.
3
Suppose -6*j = 428 - 1310. What is the remainder when j is divided by 22?
15
Let l = -920 - -962. Calculate the remainder when 587 is divided by l.
41
Suppose 4 = q - 6. What is the remainder when 54 is divided by q?
4
Let y be ((-225)/(-12) + -3)/(12/32). Suppose -2*z = -138 + y. Suppose -g + 85 = 4*g. Calculate the remainder when z is divided by g.
14
Let m(l) = -l**3 + 10*l**2 - 7*l + 5. Calculate the remainder when 182 is divided by m(9).
21
Let q(m) = m**3 + 8*m**2 + 11. Let u(y) = -3*y**2 + 3*y - 2. Let t be u(2). What is the remainder when 36 is divided by q(t)?
3
Suppose 3*g + g + 20 = 0. Let m = 21 + g. Calculate the remainder when 2/(141/69 + -2) is divided by m.
14
Suppose 55 - 45 = 2*l, -85 = -3*a + l. What is the remainder when 383 is divided by a?
23
Suppose -2*c - 4 = -g, g = -c - 0*g + 1. Let i be 33 - ((-1 - c) + 1). Let q = i - 29. Calculate the remainder when q is divided by 3.
0
Let y(z) = -5*z - 10. Let l be (-1*2)/(4/20). Let o = 987 + -973. What is the remainder when y(l) is divided by o?
12
Let z = 4 - -11. Suppose -3*m + 0*m = c - 9, c + z = 3*m. Calculate the remainder when 3/(c/(-25)) - 1 is divided by 7.
3
Suppose 2*k - 99*n + 101*n = 274, -2*k + 269 = n. Suppose -g + 6*g - 110 = 0. What is the remainder when (-24)/k + 774/g is divided by 12?
11
Suppose -4*i = -9*i + 25. What is the remainder when 107 is divided by i?
2
Suppose -u = 4*u - 260. What is the remainder when u + (0 - (0 + 4)) is divided by 10?
8
Suppose -24*t + g + 317 = -21*t, -525 = -5*t + 5*g. Let a(r) = r**2 + r + 54. Calculate the remainder when t is divided by a(0).
52
What is the remainder when (1547/(-28))/(-1) - (-3)/4 is divided by (-1)/2 + (-122)/(-4)?
26
Let j(i) = 28*i - 2. What is the remainder when j(1) is divided by (-2*16/3)/(16/(-24))?
10
Suppose 2*x = 8, -4*d + 2*x + 7 = -37. What is the remainder when d is divided by 7?
6
Let d(b) = b**3 - 6*b**2 + 4*b - 6. What is the remainder when 42 is divided by d(6)?
6
Suppose 6*a + 221 + 25 = 0. Let g = a - -60. Calculate the remainder when 37 is divided by g.
18
Let w(k) = k**3 - 28*k**2 + 56*k + 484. Let r = 15 - 8. Let u = r + 27. What is the remainder when u is divided by w(25)?
7
Calculate the remainder when 1/(-2)*(-713 - 8 - -5) is divided by 10.
8
Let a = -103 - -106. Let b = -2 - 2. What is the remainder when (1 - 2)*(b - 1) is divided by a?
2
Let p(k) = k**3 - 13*k**2 + 2*k - 12. Calculate the remainder when 29 is divided by p(13).
1
Suppose 32 + 7 = -r. Let v = r + 58. Calculate the remainder when (4 + (-22)/5)/((-4)/370) is divided by v.
18
Suppose -117*x + 126*x - 3060 = 0. What is the remainder when x is divided by 31?
30
Suppose 6*t = 679 - 37. What is the remainder when t is divided by 47?
13
Let v = 0 - -7. Let c be (-4422)/(-36)*-1 - 